{"id":2407,"date":"2020-07-06T15:47:53","date_gmt":"2020-07-06T14:47:53","guid":{"rendered":"http:\/\/www.jochdohlen.com\/wordpress\/?page_id=2407"},"modified":"2020-07-06T15:49:04","modified_gmt":"2020-07-06T14:49:04","slug":"2407-2","status":"publish","type":"page","link":"https:\/\/jochdohlen.com\/?page_id=2407","title":{"rendered":"Stephan Leskowschek"},"content":{"rendered":"<div id=\"pl-2407\"  class=\"panel-layout\" >\n<div id=\"pg-2407-0\"  class=\"panel-grid panel-no-style\" >\n<div id=\"pgc-2407-0-0\"  class=\"panel-grid-cell\"  data-weight=\"1\" >\n<div id=\"panel-2407-0-0-0\" class=\"so-panel widget widget_media_image panel-first-child\" data-index=\"0\" data-style=\"{&quot;background_display&quot;:&quot;tile&quot;}\" ><img fetchpriority=\"high\" decoding=\"async\" width=\"500\" height=\"310\" src=\"https:\/\/jochdohlen.com\/wp-content\/uploads\/2020\/07\/IMG_20200705_231057-500x310.jpg\" class=\"image wp-image-2396  attachment-medium size-medium\" alt=\"\" style=\"max-width: 100%; height: auto;\" srcset=\"https:\/\/jochdohlen.com\/wp-content\/uploads\/2020\/07\/IMG_20200705_231057-500x310.jpg 500w, https:\/\/jochdohlen.com\/wp-content\/uploads\/2020\/07\/IMG_20200705_231057-768x476.jpg 768w, https:\/\/jochdohlen.com\/wp-content\/uploads\/2020\/07\/IMG_20200705_231057-1024x634.jpg 1024w, https:\/\/jochdohlen.com\/wp-content\/uploads\/2020\/07\/IMG_20200705_231057-624x386.jpg 624w, https:\/\/jochdohlen.com\/wp-content\/uploads\/2020\/07\/IMG_20200705_231057.jpg 1500w\" sizes=\"(max-width: 500px) 100vw, 500px\" \/><\/div>\n<div id=\"panel-2407-0-0-1\" class=\"so-panel widget widget_sow-editor panel-last-child\" data-index=\"1\" >\n<div class=\"so-widget-sow-editor so-widget-sow-editor-base\">\n<div class=\"siteorigin-widget-tinymce textwidget\">\n\tStephan Leskowschek<br \/>\nParagleiter<br \/>\nIch begann mit dem Paragleiten, um die oft langen Abstiege beim Berggehen, durch kraftsparende Fl\u00fcge zu ersetzen.<br \/>\nBegonnen hab ich 2011, auf der Teichalm, in der Steiermark.<br \/>\nVorlieben: genussvolle Thermikfl\u00fcge, H&#038;F mit und ohne Hund, v\u00f6llig enstpannte Abgleiter<br \/>\nDurchschnittliche Flugstunden pro Jahr: gesch\u00e4tzt 30+ Stunden<br \/>\nsch\u00f6nster Flug: viele sch\u00f6ne Fl\u00fcge, meist gemeinsam mit Freunden, h\u00f6chster Flug: 3998m, weitester Flug: 117km, l\u00e4ngster Flug ca.7h<br \/>\nAm liebsten flieg ich nat\u00fcrlich im Stubaital und in der Hochsteiermark.\n<\/div>\n<\/div>\n<\/div>\n<\/div>\n<\/div>\n<\/div>\n","protected":false},"excerpt":{"rendered":"<p>Stephan Leskowschek Paragleiter Ich begann mit dem Paragleiten, um die oft langen Abstiege beim Berggehen, durch kraftsparende Fl\u00fcge zu ersetzen. Begonnen hab ich 2011, auf der Teichalm, in der Steiermark. &#8230; <a title=\"Stephan Leskowschek\" class=\"read-more\" href=\"https:\/\/jochdohlen.com\/?page_id=2407\" aria-label=\"Mehr Informationen \u00fcber Stephan Leskowschek\">Weiterlesen<\/a><\/p>\n","protected":false},"author":2,"featured_media":0,"parent":0,"menu_order":0,"comment_status":"closed","ping_status":"closed","template":"","meta":{"footnotes":""},"class_list":["post-2407","page","type-page","status-publish"],"_links":{"self":[{"href":"https:\/\/jochdohlen.com\/index.php?rest_route=\/wp\/v2\/pages\/2407","targetHints":{"allow":["GET"]}}],"collection":[{"href":"https:\/\/jochdohlen.com\/index.php?rest_route=\/wp\/v2\/pages"}],"about":[{"href":"https:\/\/jochdohlen.com\/index.php?rest_route=\/wp\/v2\/types\/page"}],"author":[{"embeddable":true,"href":"https:\/\/jochdohlen.com\/index.php?rest_route=\/wp\/v2\/users\/2"}],"replies":[{"embeddable":true,"href":"https:\/\/jochdohlen.com\/index.php?rest_route=%2Fwp%2Fv2%2Fcomments&post=2407"}],"version-history":[{"count":6,"href":"https:\/\/jochdohlen.com\/index.php?rest_route=\/wp\/v2\/pages\/2407\/revisions"}],"predecessor-version":[{"id":2413,"href":"https:\/\/jochdohlen.com\/index.php?rest_route=\/wp\/v2\/pages\/2407\/revisions\/2413"}],"wp:attachment":[{"href":"https:\/\/jochdohlen.com\/index.php?rest_route=%2Fwp%2Fv2%2Fmedia&parent=2407"}],"curies":[{"name":"wp","href":"https:\/\/api.w.org\/{rel}","templated":true}]}}

<div id="pl-2407"  class="panel-layout" >
<div id="pg-2407-0"  class="panel-grid panel-no-style" >
<div id="pgc-2407-0-0"  class="panel-grid-cell"  data-weight="1" >
<div id="panel-2407-0-0-0" class="so-panel widget widget_media_image panel-first-child" data-index="0" data-style="{&quot;background_display&quot;:&quot;tile&quot;}" ><img fetchpriority="high" decoding="async" width="500" height="310" src="https://jochdohlen.com/wp-content/uploads/2020/07/IMG_20200705_231057-500x310.jpg" class="image wp-image-2396  attachment-medium size-medium" alt="" style="max-width: 100%; height: auto;" srcset="https://jochdohlen.com/wp-content/uploads/2020/07/IMG_20200705_231057-500x310.jpg 500w, https://jochdohlen.com/wp-content/uploads/2020/07/IMG_20200705_231057-768x476.jpg 768w, https://jochdohlen.com/wp-content/uploads/2020/07/IMG_20200705_231057-1024x634.jpg 1024w, https://jochdohlen.com/wp-content/uploads/2020/07/IMG_20200705_231057-624x386.jpg 624w, https://jochdohlen.com/wp-content/uploads/2020/07/IMG_20200705_231057.jpg 1500w" sizes="(max-width: 500px) 100vw, 500px" /></div>
<div id="panel-2407-0-0-1" class="so-panel widget widget_sow-editor panel-last-child" data-index="1" >
<div class="so-widget-sow-editor so-widget-sow-editor-base">
<div class="siteorigin-widget-tinymce textwidget">
	Stephan Leskowschek<br />
Paragleiter<br />
Ich begann mit dem Paragleiten, um die oft langen Abstiege beim Berggehen, durch kraftsparende Flüge zu ersetzen.<br />
Begonnen hab ich 2011, auf der Teichalm, in der Steiermark.<br />
Vorlieben: genussvolle Thermikflüge, H&#038;F mit und ohne Hund, völlig enstpannte Abgleiter<br />
Durchschnittliche Flugstunden pro Jahr: geschätzt 30+ Stunden<br />
schönster Flug: viele schöne Flüge, meist gemeinsam mit Freunden, höchster Flug: 3998m, weitester Flug: 117km, längster Flug ca.7h<br />
Am liebsten flieg ich natürlich im Stubaital und in der Hochsteiermark.
</div>
</div>
</div>
</div>
</div>
</div>

<p>Stephan Leskowschek Paragleiter Ich begann mit dem Paragleiten, um die oft langen Abstiege beim Berggehen, durch kraftsparende Flüge zu ersetzen. Begonnen hab ich 2011, auf der Teichalm, in der Steiermark. &#8230; <a title="Stephan Leskowschek" class="read-more" href="https://jochdohlen.com/?page_id=2407" aria-label="Mehr Informationen über Stephan Leskowschek">Weiterlesen</a></p>
